916067
What are the prime factors of 56385593?
11, 5125963
What are the prime factors of 10643078?
2, 19, 379, 739
List the prime factors of 5058252123.
3, 29, 41, 227, 6247
List the prime factors of 1482870520.
2, 5, 191, 194093
What are the prime factors of 328723081?
328723081
List the prime factors of 428499040.
2, 5, 2678119
What are the prime factors of 126171352?
2, 1321, 11939
What are the prime factors of 262687987?
262687987
What are the prime factors of 36058838?
2, 18029419
What are the prime factors of 2081646436?
2, 317, 487, 3371
What are the prime factors of 194855600?
2, 5, 167, 2917
List the prime factors of 25833168.
2, 3, 31, 643
What are the prime factors of 330023712?
2, 3, 29, 118543
What are the prime factors of 152214654?
2, 3, 25369109
List the prime factors of 1188415128.
2, 3, 29, 991, 1723
List the prime factors of 1137108242.
2, 568554121
What are the prime factors of 15191999?
17, 397, 2251
What are the prime factors of 367213841?
137, 2680393
What are the prime factors of 67344674?
2, 33672337
What are the prime factors of 209930541?
3, 69976847
List the prime factors of 2366206956.
2, 3, 65727971
List the prime factors of 672489813.
3, 397, 564643
What are the prime factors of 1890581338?
2, 53, 17835673
List the prime factors of 1501218419.
227, 6613297
List the prime factors of 290204336.
2, 67, 211, 1283
List the prime factors of 1578587353.
7, 225512479
What are the prime factors of 1276522595?
5, 709, 360091
What are the prime factors of 63008404?
2, 911, 17291
List the prime factors of 6706256393.
43, 67, 2327753
What are the prime factors of 17828580?
2, 3, 5, 7, 11, 17, 227
List the prime factors of 129681678.
2, 3, 7, 17, 29, 6263
List the prime factors of 31325711.
31325711
What are the prime factors of 1311978755?
5, 131, 2003021
List the prime factors of 310348992.
2, 3, 1616401
List the prime factors of 404378193.
3, 677, 199103
What are the prime factors of 967376194?
2, 17, 28452241
List the prime factors of 954334343.
577, 1653959
What are the prime factors of 6506307361?
6506307361
List the prime factors of 236218985.
5, 47243797
List the prime factors of 902762148.
2, 3, 75230179
What are the prime factors of 4231583754?
2, 3, 705263959
List the prime factors of 38648787.
3, 43, 299603
What are the prime factors of 72101725?
5, 2884069
What are the prime factors of 8753912282?
2, 2039, 2146619
List the prime factors of 78397881.
3, 26132627
List the prime factors of 1404158297.
691, 2032067
List the prime factors of 517071129.
3, 607, 283949
What are the prime factors of 292403167?
7, 211, 197971
List the prime factors of 637046043.
3, 1163, 182587
List the prime factors of 908870671.
761, 1194311
What are the prime factors of 377247561?
3, 17, 769, 9619
What are the prime factors of 295349887?
7, 42192841
List the prime factors of 2633730.
2, 3, 5, 11, 23, 347
What are the prime factors of 450931874?
2, 1151, 195887
List the prime factors of 616766646.
2, 3, 102794441
List the prime factors of 209909326.
2, 11, 9541333
What are the prime factors of 1743683414?
2, 11, 61, 1299317
What are the prime factors of 525055998?
2, 3, 811, 107903
List the prime factors of 283368746.
2, 191, 741803
What are the prime factors of 630894993?
3, 6277, 33503
List the prime factors of 18316937.
733, 24989
What are the prime factors of 15994307?
7, 67, 509
What are the prime factors of 430009001?
2441, 176161
List the prime factors of 2023476750.
2, 3, 5, 23, 61, 641
List the prime factors of 4883413040.
2, 5, 11, 2087, 2659
List the prime factors of 155881763.
155881763
List the prime factors of 226950714.
2, 3, 17, 247223
What are the prime factors of 5467192136?
2, 7, 9629, 10139
What are the prime factors of 64350757?
23, 691, 4049
What are the prime factors of 14120752?
2, 131, 6737
What are the prime factors of 4011451457?
13, 47, 139, 149, 317
List the prime factors of 68088017.
61, 251, 4447
What are the prime factors of 55595651?
463, 120077
What are the prime factors of 47993531?
3457, 13883
What are the prime factors of 509930824?
2, 13, 47, 104323
What are the prime factors of 2946521532?
2, 3, 17, 14443733
What are the prime factors of 45418449?
3, 43, 352081
What are the prime factors of 1105495949?
1105495949
What are the prime factors of 1178753958?
2, 3, 19, 382961
List the prime factors of 9020167583.
7, 3079, 418511
List the prime factors of 1208173593.
3, 11, 769, 47609
What are the prime factors of 175213559?
175213559
List the prime factors of 64421215.
5, 59, 131, 1667
List the prime factors of 298958546.
2, 59, 227, 11161
What are the prime factors of 206007964?
2, 23, 2239217
List the prime factors of 185407410.
2, 3, 5, 577, 10711
What are the prime factors of 102401350?
2, 5, 2048027
List the prime factors of 2254850112.
2, 3, 179, 65609
What are the prime factors of 5248083534?
2, 3, 29569, 29581
What are the prime factors of 110934187?
7, 13, 349, 499
What are the prime factors of 486836352?
2, 3, 140867
List the prime factors of 39395655.
3, 5, 13, 67343
What are the prime factors of 40825676?
2, 193, 52883
What are the prime factors of 660024274?
2, 7, 13, 263, 13789
What are the prime factors of 110146724?
2, 19, 23, 61, 1033
What are the prime factors of 3022297972?
2, 1567, 482179
What are the prime factors of 14402367?
3, 7, 8467
What are the prime factors of 14250495?
3, 5, 7, 135719
What are the prime factors of 491104761?
3, 7, 19, 64781
List the prime factors of 140965556.
2, 31, 1136819
What are the prime factors of 51905942?
2, 11, 1249, 1889
What are the prime factors of 49157227?
7, 31, 226531
List the prime factors of 795844110.
2, 3, 5, 283, 93739
What are the prime factors of 135951226?
2, 71, 957403
What are the prime factors of 287435074?
2, 143717537
List the prime factors of 38755378.
2, 673, 28793
What are the prime factors of 1986805?
5, 397361
List the prime factors of 167551864.
2, 17, 1231999
What are the prime factors of 89307096?
2, 3, 3721129
List the prime factors of 40804214.
2, 11, 97, 19121
List the prime factors of 17265570.
2, 3, 5, 7, 82217
List the prime factors of 23147606.
2, 11573803
What are the prime factors of 2407389351?
3, 31, 25885907
What are the prime factors of 158140883?
929, 170227
List the prime factors of 34968589.
31, 37, 43, 709
What are the prime factors of 31502146?
2, 13, 1211621
What are the prime factors of 27193481?
7, 554969
What are the prime factors of 80895308?
2, 13, 1555679
What are the prime factors of 187998548?
2, 46999637
What are the prime factors of 4184696705?
5, 7, 19, 23, 107, 2557
List the prime factors of 313132807.
13, 29, 830591
List the prime factors of 1719923703.
3, 997, 575033
What are the prime factors of 33826899?
3, 83, 135851
What are the prime factors of 35976646?
2, 23, 29, 149, 181
What are the prime factors of 50222181?
3, 16740727
What are the prime factors of 572134149?
3, 47, 409, 3307
What are the prime factors of 46586529?
3, 11, 227, 691
What are the prime factors of 3376147797?
3, 11, 109, 34763
List the prime factors of 2279624231.
17, 23, 41, 43, 3307
What are the prime factors of 140036540?
2, 5, 7, 271, 3691
What are the prime factors of 897594048?
2, 3, 13, 19, 701
What are the prime factors of 1642416194?
2, 821208097
List the prime factors of 4040280392.
2, 505035049
List the prime factors of 512245053.
3, 53, 119321
What are the prime factors of 2241740520?
2, 3, 5, 6227057
What are the prime factors of 29398282?
2, 19, 137, 5647
What are the prime factors of 5806027082?
2, 251, 449, 25759
What are the prime factors of 647933086?
2, 41, 823, 9601
List the prime factors of 1068136773.
3, 11, 173, 223, 839
What are the prime factors of 13593998?
2, 11, 47, 13147
List the prime factors of 406783488.
2, 3, 31, 8543
List the prime factors of 297341333.
9319, 31907
What are the prime factors of 939931592?
2, 947, 124067
What are the prime factors of 24486835?
5, 23, 71, 2999
List the prime factors of 1219029918.
2, 3, 421, 482593
List the prime factors of 461807951.
11, 421, 99721
List the prime factors of 505712833.
773, 654221
What are the prime factors of 130639048?
2, 73, 223697
What are the prime factors of 104230002?
2, 3, 29, 599023
What are the prime factors of 19304811